{"id":9091,"date":"2026-03-07T13:04:58","date_gmt":"2026-03-07T16:04:58","guid":{"rendered":"https:\/\/patybuoso.com.br\/site\/?post_type=product&#038;p=9091"},"modified":"2026-04-02T16:45:35","modified_gmt":"2026-04-02T19:45:35","slug":"combo-3-_-ssemaninha-versiculos-kit-frutinhas","status":"publish","type":"product","link":"https:\/\/patybuoso.com.br\/site\/produto\/combo-3-_-ssemaninha-versiculos-kit-frutinhas\/","title":{"rendered":"COMBO 3 _ kit SEMANINHA + kit VERS\u00cdCULOS + KIT FRUTINHAS"},"content":{"rendered":"<p>COMBO 3 cont\u00e9m 30 stencils<\/p>\n<p>Semaninha com os 7 diss da semana<\/p>\n<p>7 vers\u00edculos b\u00edblicos<\/p>\n<p>15 stencils estampa de frutinhas variadas<\/p>\n<p>1 pa 082 estampa de bolinhas muito vers\u00e1til na pintura .<\/p>\n<p>&nbsp;<\/p>\n","protected":false},"excerpt":{"rendered":"<p>COMBO 3 cont\u00e9m 30 stencils Semaninha com os 7 diss da semana 7 vers\u00edculos b\u00edblicos 15 stencils estampa de frutinhas variadas 1 pa 082 estampa de bolinhas muito vers\u00e1til na pintura . &nbsp;<\/p>\n","protected":false},"featured_media":9097,"template":"","meta":{"_et_pb_use_builder":"","_et_pb_old_content":"","_et_gb_content_width":""},"product_brand":[],"product_cat":[176],"product_tag":[],"class_list":{"0":"post-9091","1":"product","2":"type-product","3":"status-publish","4":"has-post-thumbnail","6":"product_cat-combos-e-kits-ofertas","8":"first","9":"instock","10":"sale","11":"shipping-taxable","12":"purchasable","13":"product-type-simple"},"yoast_head":"<!-- This site is optimized with the Yoast SEO plugin v27.3 - https:\/\/yoast.com\/product\/yoast-seo-wordpress\/ -->\n<title>COMBO 3 _ kit SEMANINHA + kit VERS\u00cdCULOS + KIT FRUTINHAS - Paty Buoso<\/title>\n<meta name=\"robots\" content=\"index, follow, max-snippet:-1, max-image-preview:large, max-video-preview:-1\" \/>\n<link rel=\"canonical\" href=\"https:\/\/patybuoso.com.br\/site\/produto\/combo-3-_-ssemaninha-versiculos-kit-frutinhas\/\" \/>\n<meta property=\"og:locale\" content=\"pt_BR\" \/>\n<meta property=\"og:type\" content=\"article\" \/>\n<meta property=\"og:title\" content=\"COMBO 3 _ kit SEMANINHA + kit VERS\u00cdCULOS + KIT FRUTINHAS - Paty Buoso\" \/>\n<meta property=\"og:description\" content=\"COMBO 3 cont\u00e9m 30 stencils Semaninha com os 7 diss da semana 7 vers\u00edculos b\u00edblicos 15 stencils estampa de frutinhas variadas 1 pa 082 estampa de bolinhas muito vers\u00e1til na pintura . &nbsp;\" \/>\n<meta property=\"og:url\" content=\"https:\/\/patybuoso.com.br\/site\/produto\/combo-3-_-ssemaninha-versiculos-kit-frutinhas\/\" \/>\n<meta property=\"og:site_name\" content=\"Paty Buoso\" \/>\n<meta property=\"article:modified_time\" content=\"2026-04-02T19:45:35+00:00\" \/>\n<meta property=\"og:image\" content=\"https:\/\/patybuoso.com.br\/site\/wp-content\/uploads\/2026\/03\/kit_20260309_170006_0000.jpg\" \/>\n\t<meta property=\"og:image:width\" content=\"1600\" \/>\n\t<meta property=\"og:image:height\" content=\"1600\" \/>\n\t<meta property=\"og:image:type\" content=\"image\/jpeg\" \/>\n<meta name=\"twitter:card\" content=\"summary_large_image\" \/>\n<meta name=\"twitter:label1\" content=\"Est. tempo de leitura\" \/>\n\t<meta name=\"twitter:data1\" content=\"1 minuto\" \/>\n<script type=\"application\/ld+json\" class=\"yoast-schema-graph\">{\"@context\":\"https:\\\/\\\/schema.org\",\"@graph\":[{\"@type\":\"WebPage\",\"@id\":\"https:\\\/\\\/patybuoso.com.br\\\/site\\\/produto\\\/combo-3-_-ssemaninha-versiculos-kit-frutinhas\\\/\",\"url\":\"https:\\\/\\\/patybuoso.com.br\\\/site\\\/produto\\\/combo-3-_-ssemaninha-versiculos-kit-frutinhas\\\/\",\"name\":\"COMBO 3 _ kit SEMANINHA + kit VERS\u00cdCULOS + KIT FRUTINHAS - Paty Buoso\",\"isPartOf\":{\"@id\":\"https:\\\/\\\/patybuoso.com.br\\\/site\\\/#website\"},\"primaryImageOfPage\":{\"@id\":\"https:\\\/\\\/patybuoso.com.br\\\/site\\\/produto\\\/combo-3-_-ssemaninha-versiculos-kit-frutinhas\\\/#primaryimage\"},\"image\":{\"@id\":\"https:\\\/\\\/patybuoso.com.br\\\/site\\\/produto\\\/combo-3-_-ssemaninha-versiculos-kit-frutinhas\\\/#primaryimage\"},\"thumbnailUrl\":\"https:\\\/\\\/patybuoso.com.br\\\/site\\\/wp-content\\\/uploads\\\/2026\\\/03\\\/kit_20260309_170006_0000.jpg\",\"datePublished\":\"2026-03-07T16:04:58+00:00\",\"dateModified\":\"2026-04-02T19:45:35+00:00\",\"breadcrumb\":{\"@id\":\"https:\\\/\\\/patybuoso.com.br\\\/site\\\/produto\\\/combo-3-_-ssemaninha-versiculos-kit-frutinhas\\\/#breadcrumb\"},\"inLanguage\":\"pt-BR\",\"potentialAction\":[{\"@type\":\"ReadAction\",\"target\":[\"https:\\\/\\\/patybuoso.com.br\\\/site\\\/produto\\\/combo-3-_-ssemaninha-versiculos-kit-frutinhas\\\/\"]}]},{\"@type\":\"ImageObject\",\"inLanguage\":\"pt-BR\",\"@id\":\"https:\\\/\\\/patybuoso.com.br\\\/site\\\/produto\\\/combo-3-_-ssemaninha-versiculos-kit-frutinhas\\\/#primaryimage\",\"url\":\"https:\\\/\\\/patybuoso.com.br\\\/site\\\/wp-content\\\/uploads\\\/2026\\\/03\\\/kit_20260309_170006_0000.jpg\",\"contentUrl\":\"https:\\\/\\\/patybuoso.com.br\\\/site\\\/wp-content\\\/uploads\\\/2026\\\/03\\\/kit_20260309_170006_0000.jpg\",\"width\":1600,\"height\":1600},{\"@type\":\"BreadcrumbList\",\"@id\":\"https:\\\/\\\/patybuoso.com.br\\\/site\\\/produto\\\/combo-3-_-ssemaninha-versiculos-kit-frutinhas\\\/#breadcrumb\",\"itemListElement\":[{\"@type\":\"ListItem\",\"position\":1,\"name\":\"In\u00edcio\",\"item\":\"https:\\\/\\\/patybuoso.com.br\\\/site\\\/\"},{\"@type\":\"ListItem\",\"position\":2,\"name\":\"Loja\",\"item\":\"https:\\\/\\\/patybuoso.com.br\\\/site\\\/loja\\\/\"},{\"@type\":\"ListItem\",\"position\":3,\"name\":\"COMBO 3 _ kit SEMANINHA + kit VERS\u00cdCULOS + KIT FRUTINHAS\"}]},{\"@type\":\"WebSite\",\"@id\":\"https:\\\/\\\/patybuoso.com.br\\\/site\\\/#website\",\"url\":\"https:\\\/\\\/patybuoso.com.br\\\/site\\\/\",\"name\":\"Paty Buoso\",\"description\":\"Projetos para Pintura\",\"potentialAction\":[{\"@type\":\"SearchAction\",\"target\":{\"@type\":\"EntryPoint\",\"urlTemplate\":\"https:\\\/\\\/patybuoso.com.br\\\/site\\\/?s={search_term_string}\"},\"query-input\":{\"@type\":\"PropertyValueSpecification\",\"valueRequired\":true,\"valueName\":\"search_term_string\"}}],\"inLanguage\":\"pt-BR\"}]}<\/script>\n<!-- \/ Yoast SEO plugin. -->","yoast_head_json":{"title":"COMBO 3 _ kit SEMANINHA + kit VERS\u00cdCULOS + KIT FRUTINHAS - Paty Buoso","robots":{"index":"index","follow":"follow","max-snippet":"max-snippet:-1","max-image-preview":"max-image-preview:large","max-video-preview":"max-video-preview:-1"},"canonical":"https:\/\/patybuoso.com.br\/site\/produto\/combo-3-_-ssemaninha-versiculos-kit-frutinhas\/","og_locale":"pt_BR","og_type":"article","og_title":"COMBO 3 _ kit SEMANINHA + kit VERS\u00cdCULOS + KIT FRUTINHAS - Paty Buoso","og_description":"COMBO 3 cont\u00e9m 30 stencils Semaninha com os 7 diss da semana 7 vers\u00edculos b\u00edblicos 15 stencils estampa de frutinhas variadas 1 pa 082 estampa de bolinhas muito vers\u00e1til na pintura . &nbsp;","og_url":"https:\/\/patybuoso.com.br\/site\/produto\/combo-3-_-ssemaninha-versiculos-kit-frutinhas\/","og_site_name":"Paty Buoso","article_modified_time":"2026-04-02T19:45:35+00:00","og_image":[{"width":1600,"height":1600,"url":"https:\/\/patybuoso.com.br\/site\/wp-content\/uploads\/2026\/03\/kit_20260309_170006_0000.jpg","type":"image\/jpeg"}],"twitter_card":"summary_large_image","twitter_misc":{"Est. tempo de leitura":"1 minuto"},"schema":{"@context":"https:\/\/schema.org","@graph":[{"@type":"WebPage","@id":"https:\/\/patybuoso.com.br\/site\/produto\/combo-3-_-ssemaninha-versiculos-kit-frutinhas\/","url":"https:\/\/patybuoso.com.br\/site\/produto\/combo-3-_-ssemaninha-versiculos-kit-frutinhas\/","name":"COMBO 3 _ kit SEMANINHA + kit VERS\u00cdCULOS + KIT FRUTINHAS - Paty Buoso","isPartOf":{"@id":"https:\/\/patybuoso.com.br\/site\/#website"},"primaryImageOfPage":{"@id":"https:\/\/patybuoso.com.br\/site\/produto\/combo-3-_-ssemaninha-versiculos-kit-frutinhas\/#primaryimage"},"image":{"@id":"https:\/\/patybuoso.com.br\/site\/produto\/combo-3-_-ssemaninha-versiculos-kit-frutinhas\/#primaryimage"},"thumbnailUrl":"https:\/\/patybuoso.com.br\/site\/wp-content\/uploads\/2026\/03\/kit_20260309_170006_0000.jpg","datePublished":"2026-03-07T16:04:58+00:00","dateModified":"2026-04-02T19:45:35+00:00","breadcrumb":{"@id":"https:\/\/patybuoso.com.br\/site\/produto\/combo-3-_-ssemaninha-versiculos-kit-frutinhas\/#breadcrumb"},"inLanguage":"pt-BR","potentialAction":[{"@type":"ReadAction","target":["https:\/\/patybuoso.com.br\/site\/produto\/combo-3-_-ssemaninha-versiculos-kit-frutinhas\/"]}]},{"@type":"ImageObject","inLanguage":"pt-BR","@id":"https:\/\/patybuoso.com.br\/site\/produto\/combo-3-_-ssemaninha-versiculos-kit-frutinhas\/#primaryimage","url":"https:\/\/patybuoso.com.br\/site\/wp-content\/uploads\/2026\/03\/kit_20260309_170006_0000.jpg","contentUrl":"https:\/\/patybuoso.com.br\/site\/wp-content\/uploads\/2026\/03\/kit_20260309_170006_0000.jpg","width":1600,"height":1600},{"@type":"BreadcrumbList","@id":"https:\/\/patybuoso.com.br\/site\/produto\/combo-3-_-ssemaninha-versiculos-kit-frutinhas\/#breadcrumb","itemListElement":[{"@type":"ListItem","position":1,"name":"In\u00edcio","item":"https:\/\/patybuoso.com.br\/site\/"},{"@type":"ListItem","position":2,"name":"Loja","item":"https:\/\/patybuoso.com.br\/site\/loja\/"},{"@type":"ListItem","position":3,"name":"COMBO 3 _ kit SEMANINHA + kit VERS\u00cdCULOS + KIT FRUTINHAS"}]},{"@type":"WebSite","@id":"https:\/\/patybuoso.com.br\/site\/#website","url":"https:\/\/patybuoso.com.br\/site\/","name":"Paty Buoso","description":"Projetos para Pintura","potentialAction":[{"@type":"SearchAction","target":{"@type":"EntryPoint","urlTemplate":"https:\/\/patybuoso.com.br\/site\/?s={search_term_string}"},"query-input":{"@type":"PropertyValueSpecification","valueRequired":true,"valueName":"search_term_string"}}],"inLanguage":"pt-BR"}]}},"_links":{"self":[{"href":"https:\/\/patybuoso.com.br\/site\/wp-json\/wp\/v2\/product\/9091","targetHints":{"allow":["GET"]}}],"collection":[{"href":"https:\/\/patybuoso.com.br\/site\/wp-json\/wp\/v2\/product"}],"about":[{"href":"https:\/\/patybuoso.com.br\/site\/wp-json\/wp\/v2\/types\/product"}],"wp:featuredmedia":[{"embeddable":true,"href":"https:\/\/patybuoso.com.br\/site\/wp-json\/wp\/v2\/media\/9097"}],"wp:attachment":[{"href":"https:\/\/patybuoso.com.br\/site\/wp-json\/wp\/v2\/media?parent=9091"}],"wp:term":[{"taxonomy":"product_brand","embeddable":true,"href":"https:\/\/patybuoso.com.br\/site\/wp-json\/wp\/v2\/product_brand?post=9091"},{"taxonomy":"product_cat","embeddable":true,"href":"https:\/\/patybuoso.com.br\/site\/wp-json\/wp\/v2\/product_cat?post=9091"},{"taxonomy":"product_tag","embeddable":true,"href":"https:\/\/patybuoso.com.br\/site\/wp-json\/wp\/v2\/product_tag?post=9091"}],"curies":[{"name":"wp","href":"https:\/\/api.w.org\/{rel}","templated":true}]}}