{"id":7421,"date":"2025-01-13T15:14:02","date_gmt":"2025-01-13T18:14:02","guid":{"rendered":"https:\/\/patybuoso.com.br\/site\/?post_type=product&#038;p=7421"},"modified":"2025-05-28T18:51:52","modified_gmt":"2025-05-28T21:51:52","slug":"kit-stencil-sonho-de-crianca-completo","status":"publish","type":"product","link":"https:\/\/patybuoso.com.br\/site\/produto\/kit-stencil-sonho-de-crianca-completo\/","title":{"rendered":"Kit Stencil Sonho de Crian\u00e7a Completo"},"content":{"rendered":"<p>Contem 19 est\u00eanceis (moldes vazados &#8211; stencil) e seus devidos negativos. Todos usados no curso infantil Sonho de Crina\u00e7a que contem 19 projetos, todos com video aulas. Moana (dois projetos) Gatinha Marie (dois projetos) Homen aranha, batman, patrulha canina (sky e Chase), mulher maravilha, snoop, cars, gato da alice, Menicraft, minions, bailarina, sapatilhas, sapinho, chuteira e bola, turma da monica. Curso ideal pra voce obter uma renda extra, pois vende o ano todo e \u00e9 facil de pintar. link do curso :\u00a0 <a href=\"https:\/\/pay.kiwify.com.br\/iGyPveS\">https:\/\/pay.kiwify.com.br\/iGyPveS<\/a><\/p>\n<p>&nbsp;<\/p>\n","protected":false},"excerpt":{"rendered":"<p><a href=\"https:\/\/pay.kiwify.com.br\/iGyPveS\">https:\/\/pay.kiwify.com.br\/iGyPveS<\/a><\/p>\n","protected":false},"featured_media":7422,"template":"","meta":{"_et_pb_use_builder":"","_et_pb_old_content":"","_et_gb_content_width":""},"product_brand":[],"product_cat":[67,21],"product_tag":[134],"class_list":{"0":"post-7421","1":"product","2":"type-product","3":"status-publish","4":"has-post-thumbnail","6":"product_cat-motivos-infantis","7":"product_cat-estencil-paty-buoso","8":"product_tag-stencil-artesanato-pinturaemtecido","10":"first","11":"instock","12":"shipping-taxable","13":"purchasable","14":"product-type-simple"},"yoast_head":"<!-- This site is optimized with the Yoast SEO plugin v27.4 - https:\/\/yoast.com\/product\/yoast-seo-wordpress\/ -->\n<title>Kit Stencil Sonho de Crian\u00e7a Completo - Paty Buoso<\/title>\n<meta name=\"robots\" content=\"index, follow, max-snippet:-1, max-image-preview:large, max-video-preview:-1\" \/>\n<link rel=\"canonical\" href=\"https:\/\/patybuoso.com.br\/site\/produto\/kit-stencil-sonho-de-crianca-completo\/\" \/>\n<meta property=\"og:locale\" content=\"pt_BR\" \/>\n<meta property=\"og:type\" content=\"article\" \/>\n<meta property=\"og:title\" content=\"Kit Stencil Sonho de Crian\u00e7a Completo - Paty Buoso\" \/>\n<meta property=\"og:description\" content=\"https:\/\/pay.kiwify.com.br\/iGyPveS\" \/>\n<meta property=\"og:url\" content=\"https:\/\/patybuoso.com.br\/site\/produto\/kit-stencil-sonho-de-crianca-completo\/\" \/>\n<meta property=\"og:site_name\" content=\"Paty Buoso\" \/>\n<meta property=\"article:modified_time\" content=\"2025-05-28T21:51:52+00:00\" \/>\n<meta property=\"og:image\" content=\"https:\/\/patybuoso.com.br\/site\/wp-content\/uploads\/2025\/01\/Imagem-do-WhatsApp-de-2025-01-13-as-11.19.49_409254e4.jpg\" \/>\n\t<meta property=\"og:image:width\" content=\"1080\" \/>\n\t<meta property=\"og:image:height\" content=\"1080\" \/>\n\t<meta property=\"og:image:type\" content=\"image\/jpeg\" \/>\n<meta name=\"twitter:card\" content=\"summary_large_image\" \/>\n<meta name=\"twitter:label1\" content=\"Est. tempo de leitura\" \/>\n\t<meta name=\"twitter:data1\" content=\"1 minuto\" \/>\n<script type=\"application\/ld+json\" class=\"yoast-schema-graph\">{\"@context\":\"https:\\\/\\\/schema.org\",\"@graph\":[{\"@type\":\"WebPage\",\"@id\":\"https:\\\/\\\/patybuoso.com.br\\\/site\\\/produto\\\/kit-stencil-sonho-de-crianca-completo\\\/\",\"url\":\"https:\\\/\\\/patybuoso.com.br\\\/site\\\/produto\\\/kit-stencil-sonho-de-crianca-completo\\\/\",\"name\":\"Kit Stencil Sonho de Crian\u00e7a Completo - Paty Buoso\",\"isPartOf\":{\"@id\":\"https:\\\/\\\/patybuoso.com.br\\\/site\\\/#website\"},\"primaryImageOfPage\":{\"@id\":\"https:\\\/\\\/patybuoso.com.br\\\/site\\\/produto\\\/kit-stencil-sonho-de-crianca-completo\\\/#primaryimage\"},\"image\":{\"@id\":\"https:\\\/\\\/patybuoso.com.br\\\/site\\\/produto\\\/kit-stencil-sonho-de-crianca-completo\\\/#primaryimage\"},\"thumbnailUrl\":\"https:\\\/\\\/patybuoso.com.br\\\/site\\\/wp-content\\\/uploads\\\/2025\\\/01\\\/Imagem-do-WhatsApp-de-2025-01-13-as-11.19.49_409254e4.jpg\",\"datePublished\":\"2025-01-13T18:14:02+00:00\",\"dateModified\":\"2025-05-28T21:51:52+00:00\",\"breadcrumb\":{\"@id\":\"https:\\\/\\\/patybuoso.com.br\\\/site\\\/produto\\\/kit-stencil-sonho-de-crianca-completo\\\/#breadcrumb\"},\"inLanguage\":\"pt-BR\",\"potentialAction\":[{\"@type\":\"ReadAction\",\"target\":[\"https:\\\/\\\/patybuoso.com.br\\\/site\\\/produto\\\/kit-stencil-sonho-de-crianca-completo\\\/\"]}]},{\"@type\":\"ImageObject\",\"inLanguage\":\"pt-BR\",\"@id\":\"https:\\\/\\\/patybuoso.com.br\\\/site\\\/produto\\\/kit-stencil-sonho-de-crianca-completo\\\/#primaryimage\",\"url\":\"https:\\\/\\\/patybuoso.com.br\\\/site\\\/wp-content\\\/uploads\\\/2025\\\/01\\\/Imagem-do-WhatsApp-de-2025-01-13-as-11.19.49_409254e4.jpg\",\"contentUrl\":\"https:\\\/\\\/patybuoso.com.br\\\/site\\\/wp-content\\\/uploads\\\/2025\\\/01\\\/Imagem-do-WhatsApp-de-2025-01-13-as-11.19.49_409254e4.jpg\",\"width\":1080,\"height\":1080},{\"@type\":\"BreadcrumbList\",\"@id\":\"https:\\\/\\\/patybuoso.com.br\\\/site\\\/produto\\\/kit-stencil-sonho-de-crianca-completo\\\/#breadcrumb\",\"itemListElement\":[{\"@type\":\"ListItem\",\"position\":1,\"name\":\"In\u00edcio\",\"item\":\"https:\\\/\\\/patybuoso.com.br\\\/site\\\/\"},{\"@type\":\"ListItem\",\"position\":2,\"name\":\"Loja\",\"item\":\"https:\\\/\\\/patybuoso.com.br\\\/site\\\/loja\\\/\"},{\"@type\":\"ListItem\",\"position\":3,\"name\":\"Kit Stencil Sonho de Crian\u00e7a Completo\"}]},{\"@type\":\"WebSite\",\"@id\":\"https:\\\/\\\/patybuoso.com.br\\\/site\\\/#website\",\"url\":\"https:\\\/\\\/patybuoso.com.br\\\/site\\\/\",\"name\":\"Paty Buoso\",\"description\":\"Projetos para Pintura\",\"potentialAction\":[{\"@type\":\"SearchAction\",\"target\":{\"@type\":\"EntryPoint\",\"urlTemplate\":\"https:\\\/\\\/patybuoso.com.br\\\/site\\\/?s={search_term_string}\"},\"query-input\":{\"@type\":\"PropertyValueSpecification\",\"valueRequired\":true,\"valueName\":\"search_term_string\"}}],\"inLanguage\":\"pt-BR\"}]}<\/script>\n<!-- \/ Yoast SEO plugin. -->","yoast_head_json":{"title":"Kit Stencil Sonho de Crian\u00e7a Completo - Paty Buoso","robots":{"index":"index","follow":"follow","max-snippet":"max-snippet:-1","max-image-preview":"max-image-preview:large","max-video-preview":"max-video-preview:-1"},"canonical":"https:\/\/patybuoso.com.br\/site\/produto\/kit-stencil-sonho-de-crianca-completo\/","og_locale":"pt_BR","og_type":"article","og_title":"Kit Stencil Sonho de Crian\u00e7a Completo - Paty Buoso","og_description":"https:\/\/pay.kiwify.com.br\/iGyPveS","og_url":"https:\/\/patybuoso.com.br\/site\/produto\/kit-stencil-sonho-de-crianca-completo\/","og_site_name":"Paty Buoso","article_modified_time":"2025-05-28T21:51:52+00:00","og_image":[{"width":1080,"height":1080,"url":"https:\/\/patybuoso.com.br\/site\/wp-content\/uploads\/2025\/01\/Imagem-do-WhatsApp-de-2025-01-13-as-11.19.49_409254e4.jpg","type":"image\/jpeg"}],"twitter_card":"summary_large_image","twitter_misc":{"Est. tempo de leitura":"1 minuto"},"schema":{"@context":"https:\/\/schema.org","@graph":[{"@type":"WebPage","@id":"https:\/\/patybuoso.com.br\/site\/produto\/kit-stencil-sonho-de-crianca-completo\/","url":"https:\/\/patybuoso.com.br\/site\/produto\/kit-stencil-sonho-de-crianca-completo\/","name":"Kit Stencil Sonho de Crian\u00e7a Completo - Paty Buoso","isPartOf":{"@id":"https:\/\/patybuoso.com.br\/site\/#website"},"primaryImageOfPage":{"@id":"https:\/\/patybuoso.com.br\/site\/produto\/kit-stencil-sonho-de-crianca-completo\/#primaryimage"},"image":{"@id":"https:\/\/patybuoso.com.br\/site\/produto\/kit-stencil-sonho-de-crianca-completo\/#primaryimage"},"thumbnailUrl":"https:\/\/patybuoso.com.br\/site\/wp-content\/uploads\/2025\/01\/Imagem-do-WhatsApp-de-2025-01-13-as-11.19.49_409254e4.jpg","datePublished":"2025-01-13T18:14:02+00:00","dateModified":"2025-05-28T21:51:52+00:00","breadcrumb":{"@id":"https:\/\/patybuoso.com.br\/site\/produto\/kit-stencil-sonho-de-crianca-completo\/#breadcrumb"},"inLanguage":"pt-BR","potentialAction":[{"@type":"ReadAction","target":["https:\/\/patybuoso.com.br\/site\/produto\/kit-stencil-sonho-de-crianca-completo\/"]}]},{"@type":"ImageObject","inLanguage":"pt-BR","@id":"https:\/\/patybuoso.com.br\/site\/produto\/kit-stencil-sonho-de-crianca-completo\/#primaryimage","url":"https:\/\/patybuoso.com.br\/site\/wp-content\/uploads\/2025\/01\/Imagem-do-WhatsApp-de-2025-01-13-as-11.19.49_409254e4.jpg","contentUrl":"https:\/\/patybuoso.com.br\/site\/wp-content\/uploads\/2025\/01\/Imagem-do-WhatsApp-de-2025-01-13-as-11.19.49_409254e4.jpg","width":1080,"height":1080},{"@type":"BreadcrumbList","@id":"https:\/\/patybuoso.com.br\/site\/produto\/kit-stencil-sonho-de-crianca-completo\/#breadcrumb","itemListElement":[{"@type":"ListItem","position":1,"name":"In\u00edcio","item":"https:\/\/patybuoso.com.br\/site\/"},{"@type":"ListItem","position":2,"name":"Loja","item":"https:\/\/patybuoso.com.br\/site\/loja\/"},{"@type":"ListItem","position":3,"name":"Kit Stencil Sonho de Crian\u00e7a Completo"}]},{"@type":"WebSite","@id":"https:\/\/patybuoso.com.br\/site\/#website","url":"https:\/\/patybuoso.com.br\/site\/","name":"Paty Buoso","description":"Projetos para Pintura","potentialAction":[{"@type":"SearchAction","target":{"@type":"EntryPoint","urlTemplate":"https:\/\/patybuoso.com.br\/site\/?s={search_term_string}"},"query-input":{"@type":"PropertyValueSpecification","valueRequired":true,"valueName":"search_term_string"}}],"inLanguage":"pt-BR"}]}},"_links":{"self":[{"href":"https:\/\/patybuoso.com.br\/site\/wp-json\/wp\/v2\/product\/7421","targetHints":{"allow":["GET"]}}],"collection":[{"href":"https:\/\/patybuoso.com.br\/site\/wp-json\/wp\/v2\/product"}],"about":[{"href":"https:\/\/patybuoso.com.br\/site\/wp-json\/wp\/v2\/types\/product"}],"wp:featuredmedia":[{"embeddable":true,"href":"https:\/\/patybuoso.com.br\/site\/wp-json\/wp\/v2\/media\/7422"}],"wp:attachment":[{"href":"https:\/\/patybuoso.com.br\/site\/wp-json\/wp\/v2\/media?parent=7421"}],"wp:term":[{"taxonomy":"product_brand","embeddable":true,"href":"https:\/\/patybuoso.com.br\/site\/wp-json\/wp\/v2\/product_brand?post=7421"},{"taxonomy":"product_cat","embeddable":true,"href":"https:\/\/patybuoso.com.br\/site\/wp-json\/wp\/v2\/product_cat?post=7421"},{"taxonomy":"product_tag","embeddable":true,"href":"https:\/\/patybuoso.com.br\/site\/wp-json\/wp\/v2\/product_tag?post=7421"}],"curies":[{"name":"wp","href":"https:\/\/api.w.org\/{rel}","templated":true}]}}