{"id":6771,"date":"2023-11-13T18:43:44","date_gmt":"2023-11-13T21:43:44","guid":{"rendered":"https:\/\/patybuoso.com.br\/site\/?post_type=product&#038;p=6771"},"modified":"2025-11-14T16:59:48","modified_gmt":"2025-11-14T19:59:48","slug":"kit-10-projetos-mm-ratinhos-tematicos","status":"publish","type":"product","link":"https:\/\/patybuoso.com.br\/site\/produto\/kit-10-projetos-mm-ratinhos-tematicos\/","title":{"rendered":"Kit 10 Projetos MM CASAL RATINHOS Tem\u00e1ticos"},"content":{"rendered":"<p>10 projetos em PDF enviados por email, para voc\u00ea baixar e imprimir. Cada projeto cont\u00e9m: uma imagem colorida, guia de cores, risco A4 e Risco par unir e ter no tamanho original da pintura A3.<\/p>\n","protected":false},"excerpt":{"rendered":"<p>10 projetos em PDF enviados por email, para voc\u00ea baixar e imprimir. Cada projeto cont\u00e9m: uma imagem colorida, guia de cores, risco A4 e Risco par unir e ter no tamanho original da pintura A3.<\/p>\n","protected":false},"featured_media":6772,"template":"","meta":{"_et_pb_use_builder":"","_et_pb_old_content":"","_et_gb_content_width":""},"product_brand":[],"product_cat":[166,163],"product_tag":[134],"class_list":{"0":"post-6771","1":"product","2":"type-product","3":"status-publish","4":"has-post-thumbnail","6":"product_cat-projetos-pdf","7":"product_cat-mickey","8":"product_tag-stencil-artesanato-pinturaemtecido","10":"first","11":"instock","12":"sale","13":"virtual","14":"purchasable","15":"product-type-simple"},"yoast_head":"<!-- This site is optimized with the Yoast SEO plugin v27.4 - https:\/\/yoast.com\/product\/yoast-seo-wordpress\/ -->\n<title>Kit 10 Projetos MM CASAL RATINHOS Tem\u00e1ticos - Paty Buoso<\/title>\n<meta name=\"robots\" content=\"index, follow, max-snippet:-1, max-image-preview:large, max-video-preview:-1\" \/>\n<link rel=\"canonical\" href=\"https:\/\/patybuoso.com.br\/site\/produto\/kit-10-projetos-mm-ratinhos-tematicos\/\" \/>\n<meta property=\"og:locale\" content=\"pt_BR\" \/>\n<meta property=\"og:type\" content=\"article\" \/>\n<meta property=\"og:title\" content=\"Kit 10 Projetos MM CASAL RATINHOS Tem\u00e1ticos - Paty Buoso\" \/>\n<meta property=\"og:description\" content=\"10 projetos em PDF enviados por email, para voc\u00ea baixar e imprimir. Cada projeto cont\u00e9m: uma imagem colorida, guia de cores, risco A4 e Risco par unir e ter no tamanho original da pintura A3.\" \/>\n<meta property=\"og:url\" content=\"https:\/\/patybuoso.com.br\/site\/produto\/kit-10-projetos-mm-ratinhos-tematicos\/\" \/>\n<meta property=\"og:site_name\" content=\"Paty Buoso\" \/>\n<meta property=\"article:modified_time\" content=\"2025-11-14T19:59:48+00:00\" \/>\n<meta property=\"og:image\" content=\"https:\/\/patybuoso.com.br\/site\/wp-content\/uploads\/2023\/11\/a49d2f59-bd0f-4221-a2e9-0bb41d8cc5e7.jpg\" \/>\n\t<meta property=\"og:image:width\" content=\"1600\" \/>\n\t<meta property=\"og:image:height\" content=\"1600\" \/>\n\t<meta property=\"og:image:type\" content=\"image\/jpeg\" \/>\n<meta name=\"twitter:card\" content=\"summary_large_image\" \/>\n<meta name=\"twitter:label1\" content=\"Est. tempo de leitura\" \/>\n\t<meta name=\"twitter:data1\" content=\"1 minuto\" \/>\n<script type=\"application\/ld+json\" class=\"yoast-schema-graph\">{\"@context\":\"https:\\\/\\\/schema.org\",\"@graph\":[{\"@type\":\"WebPage\",\"@id\":\"https:\\\/\\\/patybuoso.com.br\\\/site\\\/produto\\\/kit-10-projetos-mm-ratinhos-tematicos\\\/\",\"url\":\"https:\\\/\\\/patybuoso.com.br\\\/site\\\/produto\\\/kit-10-projetos-mm-ratinhos-tematicos\\\/\",\"name\":\"Kit 10 Projetos MM CASAL RATINHOS Tem\u00e1ticos - Paty Buoso\",\"isPartOf\":{\"@id\":\"https:\\\/\\\/patybuoso.com.br\\\/site\\\/#website\"},\"primaryImageOfPage\":{\"@id\":\"https:\\\/\\\/patybuoso.com.br\\\/site\\\/produto\\\/kit-10-projetos-mm-ratinhos-tematicos\\\/#primaryimage\"},\"image\":{\"@id\":\"https:\\\/\\\/patybuoso.com.br\\\/site\\\/produto\\\/kit-10-projetos-mm-ratinhos-tematicos\\\/#primaryimage\"},\"thumbnailUrl\":\"https:\\\/\\\/patybuoso.com.br\\\/site\\\/wp-content\\\/uploads\\\/2023\\\/11\\\/a49d2f59-bd0f-4221-a2e9-0bb41d8cc5e7.jpg\",\"datePublished\":\"2023-11-13T21:43:44+00:00\",\"dateModified\":\"2025-11-14T19:59:48+00:00\",\"breadcrumb\":{\"@id\":\"https:\\\/\\\/patybuoso.com.br\\\/site\\\/produto\\\/kit-10-projetos-mm-ratinhos-tematicos\\\/#breadcrumb\"},\"inLanguage\":\"pt-BR\",\"potentialAction\":[{\"@type\":\"ReadAction\",\"target\":[\"https:\\\/\\\/patybuoso.com.br\\\/site\\\/produto\\\/kit-10-projetos-mm-ratinhos-tematicos\\\/\"]}]},{\"@type\":\"ImageObject\",\"inLanguage\":\"pt-BR\",\"@id\":\"https:\\\/\\\/patybuoso.com.br\\\/site\\\/produto\\\/kit-10-projetos-mm-ratinhos-tematicos\\\/#primaryimage\",\"url\":\"https:\\\/\\\/patybuoso.com.br\\\/site\\\/wp-content\\\/uploads\\\/2023\\\/11\\\/a49d2f59-bd0f-4221-a2e9-0bb41d8cc5e7.jpg\",\"contentUrl\":\"https:\\\/\\\/patybuoso.com.br\\\/site\\\/wp-content\\\/uploads\\\/2023\\\/11\\\/a49d2f59-bd0f-4221-a2e9-0bb41d8cc5e7.jpg\",\"width\":1600,\"height\":1600},{\"@type\":\"BreadcrumbList\",\"@id\":\"https:\\\/\\\/patybuoso.com.br\\\/site\\\/produto\\\/kit-10-projetos-mm-ratinhos-tematicos\\\/#breadcrumb\",\"itemListElement\":[{\"@type\":\"ListItem\",\"position\":1,\"name\":\"In\u00edcio\",\"item\":\"https:\\\/\\\/patybuoso.com.br\\\/site\\\/\"},{\"@type\":\"ListItem\",\"position\":2,\"name\":\"Loja\",\"item\":\"https:\\\/\\\/patybuoso.com.br\\\/site\\\/loja\\\/\"},{\"@type\":\"ListItem\",\"position\":3,\"name\":\"Kit 10 Projetos MM CASAL RATINHOS Tem\u00e1ticos\"}]},{\"@type\":\"WebSite\",\"@id\":\"https:\\\/\\\/patybuoso.com.br\\\/site\\\/#website\",\"url\":\"https:\\\/\\\/patybuoso.com.br\\\/site\\\/\",\"name\":\"Paty Buoso\",\"description\":\"Projetos para Pintura\",\"potentialAction\":[{\"@type\":\"SearchAction\",\"target\":{\"@type\":\"EntryPoint\",\"urlTemplate\":\"https:\\\/\\\/patybuoso.com.br\\\/site\\\/?s={search_term_string}\"},\"query-input\":{\"@type\":\"PropertyValueSpecification\",\"valueRequired\":true,\"valueName\":\"search_term_string\"}}],\"inLanguage\":\"pt-BR\"}]}<\/script>\n<!-- \/ Yoast SEO plugin. -->","yoast_head_json":{"title":"Kit 10 Projetos MM CASAL RATINHOS Tem\u00e1ticos - Paty Buoso","robots":{"index":"index","follow":"follow","max-snippet":"max-snippet:-1","max-image-preview":"max-image-preview:large","max-video-preview":"max-video-preview:-1"},"canonical":"https:\/\/patybuoso.com.br\/site\/produto\/kit-10-projetos-mm-ratinhos-tematicos\/","og_locale":"pt_BR","og_type":"article","og_title":"Kit 10 Projetos MM CASAL RATINHOS Tem\u00e1ticos - Paty Buoso","og_description":"10 projetos em PDF enviados por email, para voc\u00ea baixar e imprimir. Cada projeto cont\u00e9m: uma imagem colorida, guia de cores, risco A4 e Risco par unir e ter no tamanho original da pintura A3.","og_url":"https:\/\/patybuoso.com.br\/site\/produto\/kit-10-projetos-mm-ratinhos-tematicos\/","og_site_name":"Paty Buoso","article_modified_time":"2025-11-14T19:59:48+00:00","og_image":[{"width":1600,"height":1600,"url":"https:\/\/patybuoso.com.br\/site\/wp-content\/uploads\/2023\/11\/a49d2f59-bd0f-4221-a2e9-0bb41d8cc5e7.jpg","type":"image\/jpeg"}],"twitter_card":"summary_large_image","twitter_misc":{"Est. tempo de leitura":"1 minuto"},"schema":{"@context":"https:\/\/schema.org","@graph":[{"@type":"WebPage","@id":"https:\/\/patybuoso.com.br\/site\/produto\/kit-10-projetos-mm-ratinhos-tematicos\/","url":"https:\/\/patybuoso.com.br\/site\/produto\/kit-10-projetos-mm-ratinhos-tematicos\/","name":"Kit 10 Projetos MM CASAL RATINHOS Tem\u00e1ticos - Paty Buoso","isPartOf":{"@id":"https:\/\/patybuoso.com.br\/site\/#website"},"primaryImageOfPage":{"@id":"https:\/\/patybuoso.com.br\/site\/produto\/kit-10-projetos-mm-ratinhos-tematicos\/#primaryimage"},"image":{"@id":"https:\/\/patybuoso.com.br\/site\/produto\/kit-10-projetos-mm-ratinhos-tematicos\/#primaryimage"},"thumbnailUrl":"https:\/\/patybuoso.com.br\/site\/wp-content\/uploads\/2023\/11\/a49d2f59-bd0f-4221-a2e9-0bb41d8cc5e7.jpg","datePublished":"2023-11-13T21:43:44+00:00","dateModified":"2025-11-14T19:59:48+00:00","breadcrumb":{"@id":"https:\/\/patybuoso.com.br\/site\/produto\/kit-10-projetos-mm-ratinhos-tematicos\/#breadcrumb"},"inLanguage":"pt-BR","potentialAction":[{"@type":"ReadAction","target":["https:\/\/patybuoso.com.br\/site\/produto\/kit-10-projetos-mm-ratinhos-tematicos\/"]}]},{"@type":"ImageObject","inLanguage":"pt-BR","@id":"https:\/\/patybuoso.com.br\/site\/produto\/kit-10-projetos-mm-ratinhos-tematicos\/#primaryimage","url":"https:\/\/patybuoso.com.br\/site\/wp-content\/uploads\/2023\/11\/a49d2f59-bd0f-4221-a2e9-0bb41d8cc5e7.jpg","contentUrl":"https:\/\/patybuoso.com.br\/site\/wp-content\/uploads\/2023\/11\/a49d2f59-bd0f-4221-a2e9-0bb41d8cc5e7.jpg","width":1600,"height":1600},{"@type":"BreadcrumbList","@id":"https:\/\/patybuoso.com.br\/site\/produto\/kit-10-projetos-mm-ratinhos-tematicos\/#breadcrumb","itemListElement":[{"@type":"ListItem","position":1,"name":"In\u00edcio","item":"https:\/\/patybuoso.com.br\/site\/"},{"@type":"ListItem","position":2,"name":"Loja","item":"https:\/\/patybuoso.com.br\/site\/loja\/"},{"@type":"ListItem","position":3,"name":"Kit 10 Projetos MM CASAL RATINHOS Tem\u00e1ticos"}]},{"@type":"WebSite","@id":"https:\/\/patybuoso.com.br\/site\/#website","url":"https:\/\/patybuoso.com.br\/site\/","name":"Paty Buoso","description":"Projetos para Pintura","potentialAction":[{"@type":"SearchAction","target":{"@type":"EntryPoint","urlTemplate":"https:\/\/patybuoso.com.br\/site\/?s={search_term_string}"},"query-input":{"@type":"PropertyValueSpecification","valueRequired":true,"valueName":"search_term_string"}}],"inLanguage":"pt-BR"}]}},"_links":{"self":[{"href":"https:\/\/patybuoso.com.br\/site\/wp-json\/wp\/v2\/product\/6771","targetHints":{"allow":["GET"]}}],"collection":[{"href":"https:\/\/patybuoso.com.br\/site\/wp-json\/wp\/v2\/product"}],"about":[{"href":"https:\/\/patybuoso.com.br\/site\/wp-json\/wp\/v2\/types\/product"}],"wp:featuredmedia":[{"embeddable":true,"href":"https:\/\/patybuoso.com.br\/site\/wp-json\/wp\/v2\/media\/6772"}],"wp:attachment":[{"href":"https:\/\/patybuoso.com.br\/site\/wp-json\/wp\/v2\/media?parent=6771"}],"wp:term":[{"taxonomy":"product_brand","embeddable":true,"href":"https:\/\/patybuoso.com.br\/site\/wp-json\/wp\/v2\/product_brand?post=6771"},{"taxonomy":"product_cat","embeddable":true,"href":"https:\/\/patybuoso.com.br\/site\/wp-json\/wp\/v2\/product_cat?post=6771"},{"taxonomy":"product_tag","embeddable":true,"href":"https:\/\/patybuoso.com.br\/site\/wp-json\/wp\/v2\/product_tag?post=6771"}],"curies":[{"name":"wp","href":"https:\/\/api.w.org\/{rel}","templated":true}]}}